d by 73.
67
What is the remainder when 51693 is divided by 211?
209
Calculate the remainder when 143 is divided by 2.
1
Calculate the remainder when 91 is divided by 33.
25
What is the remainder when 85 is divided by 3?
1
What is the remainder when 219 is divided by 77?
65
What is the remainder when 5091 is divided by 113?
6
What is the remainder when 1163 is divided by 117?
110
Calculate the remainder when 389 is divided by 39.
38
What is the remainder when 2127 is divided by 38?
37
What is the remainder when 659 is divided by 133?
127
Calculate the remainder when 285 is divided by 16.
13
Calculate the remainder when 98 is divided by 37.
24
What is the remainder when 15649 is divided by 206?
199
What is the remainder when 1007 is divided by 332?
11
What is the remainder when 147 is divided by 79?
68
What is the remainder when 1120 is divided by 34?
32
What is the remainder when 111 is divided by 27?
3
Calculate the remainder when 2263 is divided by 205.
8
Calculate the remainder when 1326 is divided by 16.
14
Calculate the remainder when 12 is divided by 10.
2
Calculate the remainder when 38 is divided by 20.
18
Calculate the remainder when 1215 is divided by 32.
31
Calculate the remainder when 54 is divided by 22.
10
Calculate the remainder when 795 is divided by 17.
13
Calculate the remainder when 33 is divided by 27.
6
What is the remainder when 285 is divided by 27?
15
Calculate the remainder when 220 is divided by 16.
12
What is the remainder when 25 is divided by 4?
1
What is the remainder when 17 is divided by 7?
3
Calculate the remainder when 330 is divided by 66.
0
Calculate the remainder when 77 is divided by 40.
37
Calculate the remainder when 150 is divided by 64.
22
What is the remainder when 8534 is divided by 244?
238
What is the remainder when 183 is divided by 31?
28
Calculate the remainder when 260 is divided by 140.
120
What is the remainder when 22735 is divided by 14?
13
What is the remainder when 1286 is divided by 121?
76
Calculate the remainder when 6941 is divided by 39.
38
Calculate the remainder when 3090 is divided by 18.
12
What is the remainder when 197 is divided by 44?
21
What is the remainder when 231 is divided by 159?
72
What is the remainder when 231 is divided by 59?
54
What is the remainder when 200 is divided by 20?
0
Calculate the remainder when 38 is divided by 3.
2
What is the remainder when 2992 is divided by 498?
4
What is the remainder when 177 is divided by 17?
7
Calculate the remainder when 48 is divided by 13.
9
Calculate the remainder when 2445 is divided by 34.
31
What is the remainder when 10283 is divided by 104?
91
Calculate the remainder when 19 is divided by 8.
3
Calculate the remainder when 1667 is divided by 6.
5
Calculate the remainder when 49 is divided by 4.
1
What is the remainder when 23841 is divided by 113?
111
Calculate the remainder when 105 is divided by 19.
10
What is the remainder when 225 is divided by 76?
73
What is the remainder when 693 is divided by 8?
5
Calculate the remainder when 114 is divided by 33.
15
What is the remainder when 2311 is divided by 769?
4
What is the remainder when 1587 is divided by 527?
6
What is the remainder when 4246 is divided by 24?
22
Calculate the remainder when 2042 is divided by 28.
26
Calculate the remainder when 5927 is divided by 47.
5
What is the remainder when 94 is divided by 46?
2
What is the remainder when 71 is divided by 45?
26
What is the remainder when 563 is divided by 47?
46
What is the remainder when 1042 is divided by 286?
184
Calculate the remainder when 1506 is divided by 116.
114
Calculate the remainder when 2304 is divided by 109.
15
What is the remainder when 461 is divided by 225?
11
Calculate the remainder when 43 is divided by 9.
7
What is the remainder when 128 is divided by 10?
8
Calculate the remainder when 379 is divided by 360.
19
What is the remainder when 1235 is divided by 607?
21
What is the remainder when 166 is divided by 22?
12
What is the remainder when 177 is divided by 20?
17
Calculate the remainder when 2565 is divided by 24.
21
What is the remainder when 1637 is divided by 234?
233
Calculate the remainder when 3457 is divided by 1149.
10
What is the remainder when 34 is divided by 6?
4
Calculate the remainder when 2133 is divided by 22.
21
Calculate the remainder when 443 is divided by 75.
68
Calculate the remainder when 3033 is divided by 37.
36
Calculate the remainder when 2466 is divided by 103.
97
Calculate the remainder when 1407 is divided by 43.
31
What is the remainder when 461 is divided by 192?
77
What is the remainder when 140 is divided by 4?
0
What is the remainder when 2607 is divided by 30?
27
Calculate the remainder when 80 is divided by 29.
22
Calculate the remainder when 301 is divided by 38.
35
Calculate the remainder when 129 is divided by 61.
7
Calculate the remainder when 871 is divided by 29.
1
Calculate the remainder when 537 is divided by 29.
15
Calculate the remainder when 3193 is divided by 3186.
7
Calculate the remainder when 473 is divided by 54.
41
What is the remainder when 44 is divided by 8?
4
What is the remainder when 986 is divided by 13?
11
Calculate the remainder when 2813 is divided by 351.
5
Calculate the remainder when 106 is divided by 86.
20
Calculate the remainder when 6082 is divided by 14.
6
Calculate the remainder when 3743 is divided by 252.
215
What is the remainder when 525 is divided by 65?
5
What is the remainder when 1843 is divided by 123?
121
What is the remainder when 324 is divided by 13?
12
Calculate the remainder when 6813 is divided by 32.
29
Calculate the remainder when 1371 is divided by 6.
3
Calculate the remainder when 753 is divided by 18.
15
Calculate the remainder when 664 is divided by 6.
4
Calculate the remainder when 205 is divided by 14.
9
What is the remainder when 145 is divided by 38?
31
Calculate the remainder when 35 is divided by 13.
9
What is the remainder when 234 is divided by 22?
14
What is the remainder when 717 is divided by 20?
17
Calculate the remainder when 119 is divided by 41.
37
Calculate the remainder when 104 is divided by 51.
2
Calculate the remainder when 72 is divided by 25.
22
Calculate the remainder when 615 is divided by 159.
138
Calculate the remainder when 226 is divided by 12.
10
What is the remainder when 157 is divided by 75?
7
What is the remainder when 477 is divided by 80?
77
What is the remainder when 384 is divided by 30?
24
Calculate the remainder when 235 is divided by 75.
10
What is the remainder when 460 is divided by 438?
22
Calculate the remainder when 199 is divided by 65.
4
Calculate the remainder when 155 is divided by 12.
11
Calculate the remainder when 655 is divided by 44.
39
What is the remainder when 1994 is divided by 14?
6
Calculate the remainder when 606 is divided by 8.
6
Calculate the remainder when 1283 is divided by 102.
59
What is the remainder when 105 is divided by 34?
3
What is the remainder when 19888 is divided by 90?
88
Calculate the remainder when 471 is divided by 48.
39
Calculate the remainder when 1189 is divided by 70.
69
Calculate the remainder when 1478 is divided by 51.
50
What is the remainder when 490 is divided by 79?
16
Calculate the remainder when 4 is divided by 3.
1
Calculate the remainder when 997 is divided by 111.
109
What is the remainder when 27399 is divided by 40?
39
What is the remainder when 1956 is divided by 53?
48
Calculate the remainder when 13 is divided by 4.
1
What is the remainder when 7238 is divided by 13?
10
What is the remainder when 85 is divided by 69?
16
Calculate the remainder when 2700 is divided by 169.
165
Calculate the remainder when 23208 is divided by 10.
8
What is the remainder when 47 is divided by 4?
3
What is the remainder when 27388 is divided by 61?
60
What is the remainder when 165 is divided by 11?
0
What is the remainder when 138 is divided by 122?
16
Calculate the remainder when 34 is divided by 15.
4
What is the remainder when 90 is divided by 50?
40
Calculate the remainder when 1096 is divided by 365.
1
What is the remainder when 2958 is divided by 22?
10
What is the remainder when 317 is divided by 162?
155
What is the remainder when 3303 is divided by 46?
37
What is the remainder when 16 is divided by 